of 18223978 and 1866?
622
Calculate the highest common divisor of 1937398176 and 84.
84
What is the greatest common divisor of 220250 and 320?
10
Calculate the highest common divisor of 2621310 and 78600.
3930
What is the greatest common factor of 54881247 and 246?
123
Calculate the highest common factor of 2495 and 214015.
5
Calculate the highest common factor of 1751 and 1052521.
17
Calculate the greatest common factor of 32256 and 156268.
28
Calculate the highest common factor of 55 and 196257.
1
Calculate the greatest common divisor of 439690 and 20.
10
What is the highest common factor of 605 and 14019181?
121
Calculate the highest common factor of 30622551 and 1608.
201
Calculate the highest common factor of 101 and 158002178.
101
Calculate the greatest common factor of 236 and 901933.
59
Calculate the greatest common factor of 538 and 18232013.
269
What is the highest common divisor of 5095930 and 30?
10
What is the greatest common factor of 5000955 and 75?
15
What is the greatest common divisor of 53928 and 9708888?
168
What is the highest common factor of 20 and 90025660?
20
What is the greatest common factor of 403206573 and 2079?
231
Calculate the greatest common divisor of 909871 and 58475.
2339
What is the greatest common factor of 8244 and 159108?
12
Calculate the highest common factor of 15334 and 74970.
34
Calculate the highest common factor of 1720248 and 37556.
916
What is the highest common divisor of 1140 and 11471060?
380
Calculate the greatest common factor of 138322441 and 27041.
3863
What is the highest common divisor of 515 and 265204297?
103
What is the greatest common divisor of 23055319 and 15892?
3973
What is the highest common divisor of 751 and 478711432?
751
What is the greatest common factor of 6076 and 6762?
98
Calculate the greatest common factor of 8591653 and 28.
7
Calculate the highest common divisor of 111040 and 18944812.
1388
Calculate the highest common divisor of 3462 and 6521254.
1154
What is the highest common divisor of 107970 and 1876200?
1770
What is the highest common factor of 44 and 770993300?
44
What is the highest common factor of 6572201 and 427?
61
Calculate the greatest common divisor of 22035767 and 13.
13
Calculate the greatest common divisor of 127765230 and 690.
690
What is the greatest common factor of 215 and 4411150?
5
What is the highest common divisor of 91039 and 94627?
13
What is the highest common divisor of 66 and 2750781?
33
What is the greatest common divisor of 8861450 and 550?
50
Calculate the highest common factor of 27346 and 130176.
226
What is the highest common divisor of 8064 and 523194?
42
Calculate the highest common divisor of 9179700 and 1500.
300
Calculate the greatest common divisor of 4488 and 156794.
22
What is the greatest common divisor of 13128 and 11951403?
1641
What is the greatest common divisor of 29927432 and 9624?
3208
What is the greatest common factor of 13770 and 356280?
30
Calculate the greatest common factor of 3839086 and 12.
2
What is the greatest common factor of 1734 and 47519250?
102
What is the greatest common divisor of 20862378 and 109062?
1314
What is the highest common factor of 208 and 138294?
26
What is the highest common factor of 8224 and 103296?
32
What is the greatest common divisor of 100287170 and 620?
310
Calculate the highest common factor of 54 and 167876388.
54
What is the highest common divisor of 124002814 and 39?
13
Calculate the highest common divisor of 56 and 289534462.
14
Calculate the highest common factor of 2646936 and 8717.
379
What is the highest common factor of 1050 and 24452925?
525
Calculate the highest common factor of 3263 and 37782277.
3263
What is the greatest common factor of 133 and 309610?
7
Calculate the highest common divisor of 2 and 653474.
2
What is the highest common divisor of 279432 and 2136?
24
Calculate the greatest common divisor of 639598 and 16434.
166
Calculate the highest common factor of 215 and 12495395.
5
Calculate the highest common divisor of 18952 and 43031752.
824
What is the greatest common factor of 56321884 and 48?
4
What is the greatest common divisor of 259241 and 363255?
397
What is the highest common divisor of 136452 and 9375348?
996
Calculate the highest common factor of 162155648 and 192.
64
Calculate the greatest common divisor of 28859552 and 32.
32
What is the greatest common factor of 66784 and 21856?
32
Calculate the greatest common divisor of 13882754 and 69.
23
Calculate the highest common factor of 560 and 6289780.
140
What is the greatest common divisor of 196681956 and 60?
12
What is the greatest common factor of 2553 and 807392?
23
What is the highest common factor of 27982 and 1685504?
1646
What is the highest common factor of 965068 and 1820?
52
Calculate the highest common factor of 16815 and 1049180.
95
Calculate the greatest common divisor of 123729834 and 24940.
2494
Calculate the greatest common divisor of 1290 and 30630.
30
Calculate the highest common factor of 4460700 and 9600.
300
Calculate the greatest common divisor of 7111896 and 3720.
744
Calculate the greatest common divisor of 52326171 and 9.
9
What is the highest common factor of 68396372 and 5185?
1037
Calculate the greatest common divisor of 1175527760 and 25404.
8468
What is the highest common factor of 3186 and 675314?
118
Calculate the greatest common divisor of 7524387 and 42389.
97
Calculate the highest common divisor of 5754 and 592326.
42
Calculate the greatest common factor of 2207417 and 211324.
2297
Calculate the highest common factor of 413351 and 50861.
281
Calculate the greatest common divisor of 4174215 and 195.
15
Calculate the greatest common factor of 13455 and 3838185.
585
What is the highest common divisor of 7466216 and 1272?
424
What is the highest common factor of 5352 and 14519307?
669
What is the greatest common divisor of 477697 and 11?
11
Calculate the greatest common divisor of 2064107 and 2799.
311
Calculate the highest common divisor of 4 and 3737986.
2
What is the highest common divisor of 1224 and 105725448?
1224
Calculate the greatest common divisor of 10305792 and 4032.
4032
What is the highest common divisor of 27818 and 140389498?
3974
Calculate the greatest common divisor of 534995 and 140365.
335
Calculate the highest common factor of 34900 and 25950.
50
Calculate the greatest common divisor of 17 and 70225589.
17
Calculate the highest common divisor of 17470 and 39597502.
3494
Calculate the highest common divisor of 931 and 1206272.
19
What is the highest common divisor of 15 and 767016060?
15
What is the greatest common divisor of 62168639 and 94?
47
Calculate the highest common divisor of 40202518 and 76.
38
What is the highest common factor of 26912250 and 1125?
1125
Calculate the highest common divisor of 8844650 and 109250.
1150
Calculate the greatest common divisor of 1925936 and 704.
16
Calculate the highest common divisor of 87617 and 3895.
41
Calculate the highest common divisor of 664582779 and 378.
189
What is the greatest common divisor of 715 and 17355?
65
What is the highest common divisor of 284 and 4964872?
4
Calculate the greatest common divisor of 11 and 2448556.
11
Calculate the greatest common factor of 1863061 and 814.
37
What is the greatest common divisor of 161736 and 6977832?
552
Calculate the highest common divisor of 28836744 and 24.
24
Calculate the highest common divisor of 419172 and 48.
12
What is the greatest common factor of 621802532 and 52?
52
Calculate the highest common divisor of 415420 and 80.
20
What is the greatest common factor of 265186 and 299356?
134
What is the highest common factor of 28084977 and 2790?
279
Calculate the highest common factor of 60 and 24604340.
20
Calculate the greatest common divisor of 56277 and 165620.
169
What is the highest common divisor of 175629445 and 19095?
6365
Calculate the highest common divisor of 88 and 82072100.
44
What is the greatest common factor of 440 and 282796460?
20
What is the highest common divisor of 18766 and 1383566?
1706
Calculate the highest common divisor of 9224 and 789551340.
4612
What is the greatest common divisor of 1226 and 499149962?
1226
Calculate the greatest common factor of 225 and 71442720.
45
Calculate the highest common factor of 9891537